l, 4*u = -5*l - 1 - 1. Suppose n - 204 = -l*n - 3*f, 3*f - 340 = -5*n. What is the tens digit of n?
6
Let f = 477 + -265. Let c = -62 + f. What is the hundreds digit of c?
1
Let b = 61 + -56. Suppose -481 = -b*c + 534. What is the units digit of c?
3
Let c = -72 + 411. What is the tens digit of c?
3
Let l(v) be the first derivative of 11/3*v**3 + v - v**2 + 9. What is the units digit of l(-2)?
9
Let f = -191 + 697. What is the tens digit of f?
0
What is the tens digit of 8952/12*(2/4 + 0)?
7
What is the units digit of (122 - -10)/(1/(-18)*-3)?
2
Let p = -9 - -10. Let v = p - -17. What is the units digit of v?
8
Suppose -68*o + 25*o = -71208. What is the thousands digit of o?
1
Let o = 50 - 54. Let p(i) = -17*i - 4. What is the units digit of p(o)?
4
Let u(q) = -660*q + 4. What is the units digit of u(-2)?
4
Let a(j) = 2*j**2 + 22*j + 73. What is the units digit of a(-7)?
7
Let b = 170 - -2528. What is the tens digit of b?
9
Suppose s = 2*r - 3, r - 3 = 3*r + s. Suppose r = -3*o + 31 + 137. What is the tens digit of o?
5
Suppose -2 = -d + 3*t + 2, 5*d + t = -12. Let q = 3 - d. Let x = 14 - q. What is the units digit of x?
9
Let c(h) = -7*h**3 - h**2. Let k be c(-1). Suppose k*x - 100 = x. Suppose d + 3*d - x = 4*w, 5*d - 4*w - 23 = 0. What is the units digit of d?
3
Let o(c) = -c**3 - 18*c**2 - 14*c + 3. What is the hundreds digit of o(-20)?
0
Let z(c) = -c**2 - 3*c + 89. What is the units digit of z(-11)?
1
Let f = 356 - -84. Suppose 3*x - 3*i = 294, -3*x - 2*x - 5*i + f = 0. What is the tens digit of x?
9
Let d = 104 - 43. Let h be -1 - (d - -3)/(-4). Suppose -10 = -5*p + h. What is the units digit of p?
5
Suppose -5*w + 0*w + 15 = 0. Suppose 0 = -3*j + v + 14, 3*j + v + w*v - 4 = 0. Suppose -3 + 35 = j*b. What is the units digit of b?
8
Suppose 6*u + 4254 - 32112 = 0. What is the units digit of u?
3
Let w be (1 + -6 + 3)/(-1). Suppose w*q = z + 79, -2*z - 5 = -z. What is the units digit of q?
7
Let v(n) = -4*n**3 - 17*n**2 + n - 40. What is the hundreds digit of v(-8)?
9
Let h be 1/(-4) + 46/(-8). What is the tens digit of h/(-27) - 1490/(-18)?
8
Suppose -14*t - 2109 = -13617. What is the units digit of t?
2
Suppose 4*k + 3208 = -0*n + 2*n, 5*n - 8011 = k. What is the units digit of n/27 - (-2)/3?
0
Let r(g) = -g**2 + 6*g + 5. Let x be r(6). Suppose -4*h + 210 = -c - 0, 5*h - 275 = -x*c. What is the units digit of h?
3
Suppose 3*f + 1 = 4*f, -2*f = -p - 1. What is the units digit of (-194)/(-7) - p*4/(-14)?
8
What is the hundreds digit of ((-257)/2 + 2)*-22?
7
Suppose 519 = 4*p - 9. Suppose -4*y + 518 = k, 0*y - p = -y + k. What is the hundreds digit of y?
1
Let m be 6/(-8) - (-259)/4. Suppose -4*g + 4*t = 72, 3*g = -t - 2 - m. What is the tens digit of -88*(g/6 - -3)?
4
Let z be 3*(-62)/(-6)*2. Suppose 3*y = 5*a + z, 0 = 3*a - 0*a + y + 26. What is the units digit of a/45 - 346/(-18)?
9
Suppose -5*v + 2561 = 721. Suppose -9*i + v = -i. What is the units digit of i?
6
Let l = 18 - 16. Suppose l + 2 = 2*z. Suppose 111 = -z*b + 5*b. What is the units digit of b?
7
Suppose 2*d + 13 - 7 = 0. What is the units digit of 1*(4 + d/3)?
3
Let c = -555 + 918. What is the hundreds digit of c?
3
Suppose -23367 + 6973 = -7*f. What is the hundreds digit of f?
3
What is the hundreds digit of (723/(-2))/(-15*(-7)/(-1120))?
8
Let d(l) = -l**3 + 10*l**2 - 8*l - 6. Let f be d(9). Suppose 4*t - 255 = -f*o, -3*t + t + 130 = 2*o. What is the tens digit of t?
6
Suppose -2*j + 1570 = -3*c, -30*c + 25*c + 3096 = 4*j. What is the tens digit of j?
7
Let z = 97 - 28. Let w = 125 - z. What is the units digit of w?
6
Let x be (30/(-21))/(2/(-70)). Suppose -y + 3*m + 29 = -x, -5*m = 3*y - 209. What is the tens digit of y?
7
Let z be (-49)/((-2 + 3)*-1). Suppose -3*b = t + 31 + 2, -5*t = -4*b + 165. Let k = z + t. What is the units digit of k?
6
Let u = 23 + -18. Suppose -z + 44 = u*g, -4*g = -3*z + z - 38. Let t = 27 + g. What is the tens digit of t?
3
Let o(r) = -r + 10. Let q be o(8). Let g(c) = -c**2 - 1 - 1 + c - 2 + q*c**2. What is the units digit of g(-3)?
2
Suppose 0 = -13*p + 5*p + 744. Suppose -u = r + 3*u - p, -r = u - 93. What is the tens digit of r?
9
Let w(i) = i**3 + 4*i**2 + 3*i - 3. Let j be w(-3). Let h(z) = -3*z + 7. Let t be h(j). Let x = t - 12. What is the units digit of x?
4
Suppose 6*y - 1468 - 326 = 0. What is the tens digit of y?
9
Let g be 4 - (-8)/3*(-24)/16. Suppose -5*k + g*k + 350 = a, k - 2*a = 81. What is the tens digit of k?
7
Suppose 22*w = 19*w - 45. What is the tens digit of 1/3 - 1495/w?
0
Let r = 17 + -13. Suppose -245 = -r*p + 59. Suppose 0 = 4*m + 5*d - 98, -m + 4*m - p = -5*d. What is the units digit of m?
2
Let l = 10 + -24. Let u(y) be the second derivative of y**3/6 + 23*y**2/2 + 3*y. What is the units digit of u(l)?
9
Let f = 27 - 23. Suppose -104 - 152 = -f*v. What is the units digit of v?
4
Suppose -27 = -2*k + i - 3, 3*k + 4*i = 36. Let s = k - 1. What is the units digit of s?
1
Suppose 3*j + j + 412 = 0. Let x = -50 - j. Let y = 92 - x. What is the units digit of y?
9
Suppose -2*r - 6*r + 1408 = 0. Suppose 3*y - f - r - 49 = 0, -y + 59 = 5*f. What is the tens digit of y?
7
Suppose 2*m - 7 = -b, -2*m - 2*b + 9 = m. Suppose 2*s + 36 = 2*x + s, m*x - 90 = -5*s. What is the tens digit of x?
1
Suppose 3723 = -16*i + 13339. What is the units digit of i?
1
Let p(a) = 2*a**2 + 2*a - 4. Suppose -5*b + 3*b + 4*k = 14, 23 = -5*b - 2*k. Let c = -8 - b. What is the units digit of p(c)?
8
Let s = -8 + 11. Suppose -s*z - 15 = -3*o, -3*o + 2*z + 10 = o. Suppose -96 = -o*h - 4*h. What is the tens digit of h?
2
Let t(x) = x**2 + x**2 - 12 + 25 - 14*x. What is the tens digit of t(9)?
4
Let v = -150 - -295. Let x = v - 21. What is the units digit of x?
4
Suppose w - 8 = -q - q, 5*w = -5*q + 25. Suppose 0 = 3*v + 2*v - 15, 2*z + w*v - 118 = 0. What is the tens digit of z?
5
Let y(n) = 3*n**2 + 25*n - 30. What is the tens digit of y(-19)?
7
Suppose 90 = 2*y - 5*y. What is the tens digit of (y/24)/(3/(-84))?
3
Let r = 880 - -2343. What is the thousands digit of r?
3
Let p(j) = 1. Let g(x) = -3*x**2 - 9*x - 1. Let d(k) = -g(k) - 5*p(k). Let b(a) = -a**3 - 7*a**2 + 7*a - 12. Let u be b(-8). What is the units digit of d(u)?
8
Let j = 37 - 41. Let w(m) = 8*m**2 - 4*m - 6. What is the units digit of w(j)?
8
Suppose p = -4*k + 2*k + 10, -k = -p - 11. Suppose -k*d = -4*d - 366. What is the tens digit of d?
2
Let k(v) be the first derivative of v**3/3 + 9*v**2/2 - v + 4. What is the units digit of k(-10)?
9
Suppose 5*j = -25, -2*j - 122 = -2*a + 392. What is the hundreds digit of a?
2
Suppose 0 = -4*n + 2338 - 754. What is the hundreds digit of n?
3
Let q = -1 - 32. Let a = 91 + q. What is the units digit of a?
8
What is the units digit of 46*(-17)/8*-4?
1
Suppose -41*h + 2*n - 1843 = -42*h, -n - 5529 = -3*h. What is the tens digit of h?
4
Let w(o) = -7*o**3 - 5*o**2 + 4*o + 42. What is the tens digit of w(-5)?
7
Let h be (-2)/(-2) + 9 + -7. Suppose 3*i - 30 - h = 5*d, 0 = 3*d + 9. Let r = 30 - i. What is the units digit of r?
4
Suppose 0 = 13*r - 2965 - 28638. What is the units digit of r?
1
Suppose 0 = 3*g - 0*k + 3*k - 159, -25 = 5*k. What is the units digit of g?
8
Suppose -4 = -2*t + w, -2*t + 0*w + 4 = 3*w. Let i = -17 - -27. Suppose t*p = i + 16. What is the tens digit of p?
1
Let j be 5/(-10) - (-3 - 1845/6). Let f = j + -186. What is the units digit of f?
4
Let y(b) = -b**2 - 2*b - 3. Let o be y(-5). Let c = -13 - o. Suppose -13 = -c*g - 3. What is the units digit of g?
2
Let k(p) = 2*p**2 - 3*p + 2. Let f be k(2). Suppose f*b = -400 - 200. Let m = 216 + b. What is the units digit of m?
6
Let r(c) = 2*c**2 - 8*c + 26. What is the units digit of r(-18)?
8
Let i(g) = g**3 + 4*g**2 - 15*g + 38. What is the hundreds digit of i(8)?
6
Suppose -28*m + 27*m = -3*t + 2361, -2*t + 5*m = -1574. What is the units digit of t?
7
Suppose -2 = -6*b + 10. Suppose -3*w + 3*p = -42, -b*w + 6*p + 22 = 2*p. What is the units digit of w?
7
Let o be ((-8)/(-2))/(5/(-2) - -3). Let a(m) = 3*m + 29. What is the units digit of a(o)?
3
Let s(a) = 120*a**2 - 3*a + 1. What is the tens digit of s(4)?
0
What is the hundreds digit of 2038 - -1 - (14 - 14)?
0
Suppose 0 = 5*k - 8*k + 48. Suppose -2 = -3*f + 2*f - n, -2*f - 24 = -5*n. Let o = k + f. What is the units digit of 